hat is -147 + 11?
-136
In base 6, what is 1 - -20?
21
In base 8, what is 3 - -4140?
4143
In base 15, what is -1921 - -2?
-191e
In base 5, what is 24041 + 32?
24123
In base 10, what is 78 + -22?
56
In base 9, what is -3 + 1260?
1256
In base 13, what is -398 - 1?
-399
In base 6, what is 13234 + -1?
13233
In base 15, what is 2 - 13?
-11
In base 6, what is -12525 + 1?
-12524
In base 10, what is 18 - -10?
28
In base 4, what is -1133 - 2?
-1201
In base 5, what is -224 + 2?
-222
In base 10, what is 3 + -173?
-170
In base 12, what is -3b7 - 4?
-3bb
In base 7, what is 114 - 13?
101
In base 15, what is -bc8 - 1?
-bc9
In base 4, what is 13122 - 0?
13122
In base 15, what is 2 - 45?
-43
In base 15, what is 2 + d9?
db
In base 10, what is -449 - 0?
-449
In base 9, what is 33 - -3?
36
In base 6, what is -2404 - 3?
-2411
In base 16, what is -24 - -a?
-1a
In base 4, what is 22012 + -20?
21332
In base 16, what is 3 + 17c?
17f
In base 13, what is 1b - b?
10
In base 7, what is 113633 + 0?
113633
In base 5, what is -3 - 43?
-101
In base 7, what is -112326 + 2?
-112324
In base 16, what is -28 - 66?
-8e
In base 10, what is -7966 + -1?
-7967
In base 3, what is 2 + 1111022?
1111101
In base 7, what is 353 - -15?
401
In base 3, what is -12 - -121202?
121120
In base 16, what is 6 - 13?
-d
In base 8, what is -3 + -11?
-14
In base 10, what is -20 + -339?
-359
In base 11, what is -7 - 97?
-a3
In base 12, what is -173 - 5?
-178
In base 10, what is 1 + 1423?
1424
In base 15, what is 11 + -2d?
-1c
In base 11, what is 1 - -354?
355
In base 5, what is -2 - 42?
-44
In base 10, what is 8 - 4?
4
In base 14, what is 3 - -8?
b
In base 10, what is 4 - 37?
-33
In base 13, what is -13 - 6?
-19
In base 10, what is -7472 + 2?
-7470
In base 8, what is -5 - -1365?
1360
In base 7, what is -4 + 3512?
3505
In base 4, what is 20221 - 0?
20221
In base 15, what is -1c - 9?
-26
In base 7, what is -5356 - -5?
-5351
In base 15, what is 72 - 7?
6a
In base 10, what is 1487 + 2?
1489
In base 11, what is 4 + 6?
a
In base 7, what is 1 + -1041?
-1040
In base 5, what is 3 + -204?
-201
In base 8, what is 5 + -2373?
-2366
In base 14, what is -1c - -3?
-19
In base 13, what is -327 - 0?
-327
In base 8, what is 4 + -21?
-15
In base 15, what is -2 + -31?
-33
In base 4, what is 201 - 21?
120
In base 6, what is 15343 + -1?
15342
In base 12, what is -1 + 6a?
69
In base 12, what is -20 - -41?
21
In base 2, what is 0 - -1111?
1111
In base 14, what is 1 - -a1?
a2
In base 2, what is -100 + -100000101?
-100001001
In base 10, what is 4 - -357?
361
In base 7, what is -3 + 2122?
2116
In base 4, what is 110 - -103102?
103212
In base 8, what is -6437 - 0?
-6437
In base 3, what is -112012 + -102?
-112121
In base 12, what is -1 + a3a?
a39
In base 10, what is 4 - -361?
365
In base 11, what is -2 - -1a0?
199
In base 8, what is 55 + 54?
131
In base 12, what is 22 + -2?
20
In base 11, what is -4 - -152?
149
In base 4, what is 2020312 - 1?
2020311
In base 8, what is 435 - -12?
447
In base 14, what is -3c27 + -2?
-3c29
In base 12, what is -116 + 0?
-116
In base 5, what is 10 + 4401?
4411
In base 13, what is -1 + -8ba?
-8bb
In base 7, what is 3 - -1646?
1652
In base 2, what is 1 - 1111011001?
-1111011000
In base 11, what is -1 + -1310?
-1311
In base 5, what is 10120 + 11?
10131
In base 2, what is 100 + 10001010101?
10001011001
In base 13, what is 4 + 1b?
22
In base 12, what is -3 + -1?
-4
In base 9, what is 1600 - 5?
1584
In base 7, what is -223 - -4?
-216
In base 7, what is 121406 + -1?
121405
In base 15, what is 22 - 5d?
-3b
In base 11, what is 4317 + 1?
4318
In base 8, what is -66 - -6?
-60
In base 14, what is -1 - -57?
56
In base 4, what is -203 + 31?
-112
In base 6, what is -2 - -14021?
14015
In base 9, what is 1 + -230?
-228
In base 5, what is -2 + 1301?
1244
In base 2, what is 10010010111 + 101?
10010011100
In base 2, what is -1000 - 100?
-1100
In base 6, what is 1 - 23?
-22
In base 9, what is -107 + 2?
-105
In base 9, what is 15118 + -1?
15117
In base 13, what is 37 + 7?
41
In base 4, what is 113032 + 2?
113100
In base 16, what is -1 + 32?
31
In base 6, what is -4 + 5140?
5132
In base 9, what is -158 + -7?
-166
In base 12, what is -2 + -6a?
-70
In base 7, what is 1 - 4624?
-4623
In base 14, what is 11 + -1?
10
In base 8, what is -2432 - -1?
-2431
In base 12, what is -14a - 4?
-152
In base 4, what is -221311 - 10?
-221321
In base 14, what is 49b + 0?
49b
In base 5, what is 3 + 10100?
10103
In base 12, what is 19 + 1b7?
214
In base 11, what is -3a1 + a?
-392
In base 9, what is 30 + -68?
-38
In base 10, what is -9 + 1934?
1925
In base 2, what is 10 + -1010010?
-1010000
In base 15, what is -1 - 17?
-18
In base 8, what is -2 + 1014?
1012
In base 5, what is 2 + 431?
433
In base 11, what is 42 + -1?
41
In base 7, what is -1162 - 4?
-1166
In base 6, what is -450 - 1?
-451
In base 15, what is 1 - -88?
89
In base 4, what is 1 - 1030?
-1023
In base 3, what is -10 - 200?
-210
In base 2, what is 1001 - -110110?
111111
In base 2, what is -10101 + 11?
-10010
In base 4, what is -211 - 13?
-230
In base 4, what is -112 + -211?
-323
In base 9, what is -5 + -14326?
-14332
In base 2, what is 1 - 110000010011?
-110000010010
In base 7, what is -5 + -156?
-164
In base 4, what is 222 - -30?
312
In base 10, what is -380 - 4?
-384
In base 12, what is 552 - 28?
526
In base 6, what is 341002 - -4?
341010
In base 9, what is -6 - 616?
-623
In base 11, what is 14 - -5?
19
In base 7, what is 13 + 5?
21
In base 2, what is -100 - 11111?
-100011
In base 9, what is 24 - 208?
-174
In base 10, what is -60 - 43?
-103
In base 13, what is -7 - -19?
12
In base 11, what is 5 + 789?
793
In base 11, what is 1 - -57?
58
In base 8, what is -12312 + -1?
-12313
In base 16, what is 11 + 6?
17
In base 9, what is -114 + -4?
-118
In base 8, what is 2 - 153?
-151
In base 16, what is 2bd - 5?
2b8
In base 11, what is 1aa + 10?
20a
In base 4, what is 11 + 332?
1003
In base 15, what is -241 + -2?
-243
In base 5, what is 141144 + 3?
141202
In base 9, what is -77 - 1?
-78
In base 13, what is -2663 + -2?
-2665
In base 8, what is -27 - -26?
-1
In base 16, what is 4 - -2fe?
302
In base 6, what is 11 - 113?
-102
In base 8, what is 10 - 77?
-67
In base 13, what is 1 + b4?
b5
In base 8, what is -11 - 22?
-33
In base 7, what is -6 + 132?
123
In base 9, what is 24360 + -5?
24354
In base 14, what is -99 + 27?
-72
In base 14, what is b + 24?
31
In base 16, what is -18c + -2?
-18e
In base 15, what is 76 - 47?
2e
In base 5, what is -202 - 34?
-241
In base 4, what is -2 - -120?
112
In base 8, what is -3 + 12?
7
In base 3, what is -12 + -1022?
-1111
In base 14, what is c + -19?
-b
In base 2, what is -11 - -1000000?
111101
In base 15, what is -e09 + -2?
-e0b
In base 8, what is -16 + -27?
-45
In base 8, what is -112 + 131?
17
In base 15, what is 9 - e91?
-e87
In base 6, what is 112214 + -2?
112212
In base 8, what is -2 - -37?
35
In base 16, what is -1b + -16f?
-18a
In base 14, what is -4c - -208?
19a
In base 16, what is -11 - 31?
-42
In base 9, what is -7 + 53?
45
In base 8, what is 75 - 24?
51
In base 10, what is -3 - -52?
49
In base 10, what is -611 - 2?
-613
In base 8, what is -61 + 25?
-34
In base 5, what is -311 - -4?
-302
In base 3, what is -10001 - 0?
-10001
In base 8, what is -3 + 22503?
22500
In base 16, what is 1c + -f?
d
In base 11, what is -1 + -23?
-24
In base 3, what is 0 - -10121101?
10121101
In base 5, what is -3 - -203412?
203404
In base 10, what is -291 + 11?
-280
In base 9, what is -1103 - 4?
-1107
In base 7, what is 41 - -4?
45
In base 4, what is 23 + 3202?
3231
In base 2, what is -1 - 1111100?
-1111101
In base 14, what is 0 + 265?
265
In base 9, what is 23 - -30?
53
In base 10, what is 227 + 2?
229
In base 11, what is 113 + 9?
121
In base 8, what is -1 - -3703?
3702
In base 13, what is -11 + 30?
1c
In base 16, what is 0 - 9ef?
-9ef
In base 9, what is -3 + -42?
-45
In base 10, what is 1 + 252?
253
In base 10, what is 4 - 178?
-174
In base 14, what is 1a - 13?
7
In base 13, what is 29 - -45?
71
In base 7, what is -4 + -143?
-150
In base 11, what is 6 + -9?
-3
In base 5, what is 44 + -14?
30
In base 8, what is -77252 + -3?
-77255
In base 14, what is -a + b8?
ac
In base 5, what is 0 + -1244?
-1244
In base 5, what is 122 - 110?
12
In base 5, what is 10 + 102?
112
In base 15, what i